 of 23719472?
2, 7, 211781
What are the prime factors of 277937751?
3, 7, 13, 145441
List the prime factors of 1496884482.
2, 3, 23, 47, 25643
List the prime factors of 79684527.
3, 13, 2043193
What are the prime factors of 1425985071?
3, 7, 29, 311, 7529
What are the prime factors of 1612954279?
7703, 209393
List the prime factors of 287678714.
2, 41, 3508277
What are the prime factors of 104910043?
7, 17, 881597
What are the prime factors of 55019844?
2, 3, 11, 29, 1597
What are the prime factors of 530080039?
179, 181, 16361
What are the prime factors of 184874904?
2, 3, 41, 62627
List the prime factors of 360080834.
2, 53, 313, 10853
List the prime factors of 1114981675.
5, 41, 1087787
What are the prime factors of 1870111670?
2, 5, 7, 19, 47, 29917
What are the prime factors of 1166254679?
1166254679
What are the prime factors of 25983716?
2, 11, 19, 31081
What are the prime factors of 1340100174?
2, 3, 7, 17, 1367, 1373
What are the prime factors of 79337166?
2, 3, 23, 574907
List the prime factors of 83998396.
2, 71, 295769
What are the prime factors of 1401000895?
5, 7, 271, 21101
List the prime factors of 1188109800.
2, 3, 5, 660061
List the prime factors of 136999280.
2, 5, 11, 151, 1031
What are the prime factors of 48972951?
3, 1813813
List the prime factors of 13098813.
3, 7, 13, 47981
What are the prime factors of 6239307?
3, 2079769
What are the prime factors of 450202246?
2, 13, 53, 326707
What are the prime factors of 2763217482?
2, 3, 460536247
What are the prime factors of 34939502?
2, 13, 811, 1657
List the prime factors of 26600573.
31, 858083
What are the prime factors of 83787149?
41, 2043589
List the prime factors of 44952972.
2, 3, 3746081
List the prime factors of 2352083021.
331, 7105991
What are the prime factors of 1042794029?
47, 199, 111493
What are the prime factors of 34143551?
13, 19, 137, 1009
List the prime factors of 18524770.
2, 5, 11, 83, 2029
What are the prime factors of 720365184?
2, 3, 7, 11, 2707
List the prime factors of 1155664.
2, 72229
What are the prime factors of 1656132566?
2, 11, 263, 26021
What are the prime factors of 490082012?
2, 7, 173, 101173
List the prime factors of 5285453894.
2, 7, 73, 738811
What are the prime factors of 3213054674?
2, 1606527337
List the prime factors of 517635795.
3, 5, 71, 486043
List the prime factors of 245901312.
2, 3, 4447
List the prime factors of 106760944.
2, 6672559
What are the prime factors of 26202771?
3, 7, 37, 1249
List the prime factors of 1463680590.
2, 3, 5, 48789353
What are the prime factors of 815682?
2, 3, 7, 19421
List the prime factors of 2138533182.
2, 3, 19, 47, 233, 571
What are the prime factors of 408609095?
5, 81721819
What are the prime factors of 10896325?
5, 11, 39623
List the prime factors of 53631679.
53631679
List the prime factors of 456281893.
3607, 126499
List the prime factors of 86799132.
2, 3, 7, 31, 41, 271
What are the prime factors of 1647312064?
2, 25739251
List the prime factors of 299732593.
17, 1037137
List the prime factors of 87104051.
727, 119813
List the prime factors of 287349713.
7, 173, 237283
List the prime factors of 5737111.
61, 163, 577
What are the prime factors of 5133496199?
13, 394884323
What are the prime factors of 6108175?
5, 263, 929
What are the prime factors of 240013283?
240013283
What are the prime factors of 840867711?
3, 173, 761, 2129
List the prime factors of 630209289.
3, 83, 2530961
What are the prime factors of 101690360?
2, 5, 23, 110533
What are the prime factors of 879253884?
2, 3, 79, 101, 3061
List the prime factors of 4929949012.
2, 269, 467, 9811
What are the prime factors of 472575026?
2, 7, 11, 37, 197, 421
List the prime factors of 159137877.
3, 29, 1829171
List the prime factors of 38824496.
2, 661, 3671
What are the prime factors of 1977511669?
7, 31, 1301851
List the prime factors of 2005356776.
2, 1291, 194167
What are the prime factors of 37212600?
2, 3, 5, 109, 569
List the prime factors of 7091570025.
3, 5, 31518089
What are the prime factors of 1254617701?
937, 1429
List the prime factors of 185247908.
2, 383, 120919
List the prime factors of 577945550.
2, 5, 7, 13, 37, 3433
List the prime factors of 334183415.
5, 41, 73, 137, 163
List the prime factors of 105096741.
3, 35032247
What are the prime factors of 2514526841?
59, 71, 600269
List the prime factors of 588829723.
588829723
List the prime factors of 466560941.
7, 11, 19, 318907
List the prime factors of 139427207.
59, 431, 5483
What are the prime factors of 17906277?
3, 5968759
List the prime factors of 162433117.
7, 11, 2109521
List the prime factors of 21901968.
2, 3, 11, 419
List the prime factors of 684067115.
5, 61, 2242843
What are the prime factors of 445142533?
11, 1453, 27851
What are the prime factors of 201498015?
3, 5, 13433201
List the prime factors of 2150730023.
13, 19, 23, 378583
List the prime factors of 75737073.
3, 547, 46153
List the prime factors of 22836822.
2, 3, 19, 200323
What are the prime factors of 238870940?
2, 5, 7, 11, 59, 239
What are the prime factors of 49381202?
2, 13, 31, 197, 311
List the prime factors of 5116615050.
2, 3, 5, 47, 293, 2477
List the prime factors of 3573658143.
3, 11, 23, 59, 8867
What are the prime factors of 382813949?
7, 29, 65027
List the prime factors of 596523554.
2, 11, 27114707
What are the prime factors of 1018159151?
1018159151
List the prime factors of 792848996.
2, 109, 179, 10159
List the prime factors of 138886139.
7, 2834411
List the prime factors of 7704096936.
2, 3, 31, 2381, 4349
List the prime factors of 1195291499.
12109, 98711
What are the prime factors of 219549070?
2, 5, 13, 743, 2273
List the prime factors of 582145747.
1051, 553897
List the prime factors of 212213776.
2, 283, 46867
What are the prime factors of 308605083?
3, 769, 133769
List the prime factors of 7349858045.
5, 31, 6607, 7177
What are the prime factors of 11819264?
2, 137, 337
What are the prime factors of 153014426?
2, 127, 487, 1237
What are the prime factors of 1029780228?
2, 3, 137, 571, 1097
List the prime factors of 19316602.
2, 9658301
What are the prime factors of 474575727?
3, 37, 53, 80669
List the prime factors of 2326496437.
23, 59, 1714441
What are the prime factors of 1240368590?
2, 5, 31, 1039, 3851
What are the prime factors of 124743756?
2, 3, 17, 743, 823
List the prime factors of 165472569.
3, 18385841
What are the prime factors of 59464471?
11, 19, 29, 9811
What are the prime factors of 106331817?
3, 239, 148301
What are the prime factors of 932222340?
2, 3, 5, 7, 739859
List the prime factors of 296279110.
2, 5, 359, 82529
What are the prime factors of 50026010?
2, 5, 89, 56209
List the prime factors of 1005265442.
2, 131, 3836891
What are the prime factors of 1233289181?
1233289181
List the prime factors of 988787702.
2, 7, 19, 3717247
What are the prime factors of 70331464?
2, 7, 19, 71
List the prime factors of 3100610968.
2, 7, 13, 61, 69821
What are the prime factors of 221031824?
2, 13, 17, 3677
List the prime factors of 103528069.
863, 119963
What are the prime factors of 2814415105?
5, 1697, 331693
List the prime factors of 5899707177.
3, 7, 13, 41, 67, 7867
List the prime factors of 161764312.
2, 59, 107, 3203
List the prime factors of 34897446.
2, 3, 487, 1327
List the prime factors of 298453375.
5, 11, 217057
What are the prime factors of 105377082?
2, 3, 17562847
List the prime factors of 2622938720.
2, 5, 16393367
What are the prime factors of 184403833?
184403833
List the prime factors of 5180461296.
2, 3, 101, 1068577
What are the prime factors of 81238292?
2, 20309573
List the prime factors of 17227753.
1733, 9941
What are the prime factors of 10222587?
3, 29, 53, 739
What are the prime factors of 308434096?
2, 1103, 17477
What are the prime factors of 6555792025?
5, 17, 15425393
List the prime factors of 245122863.
3, 81707621
List the prime factors of 2590852936.
2, 7, 103, 157, 2861
List the prime factors of 311963921.
487, 640583
What are the prime factors of 46968026?
2, 7, 281, 11939
What are the prime factors of 1106410945?
5, 19, 677, 17203
What are the prime factors of 201687734?
2, 5653, 17839
List the prime factors of 7558932.
2, 3, 109, 5779
List the prime factors of 140741454.
2, 3, 7, 71, 109, 433
List the prime fa